 by 134?
4
What is the remainder when 1390 is divided by 155?
150
What is the remainder when 85257 is divided by 42551?
155
What is the remainder when 3121 is divided by 182?
27
What is the remainder when 1084 is divided by 602?
482
Calculate the remainder when 68465 is divided by 232.
25
Calculate the remainder when 28445 is divided by 25.
20
What is the remainder when 287733 is divided by 287700?
33
Calculate the remainder when 5399 is divided by 11.
9
What is the remainder when 634 is divided by 80?
74
Calculate the remainder when 3618 is divided by 3373.
245
Calculate the remainder when 42 is divided by 19.
4
Calculate the remainder when 66431 is divided by 66398.
33
Calculate the remainder when 7798 is divided by 963.
94
Calculate the remainder when 311805 is divided by 103923.
36
What is the remainder when 5582 is divided by 50?
32
Calculate the remainder when 254485 is divided by 42404.
61
Calculate the remainder when 400744 is divided by 175.
169
What is the remainder when 161952 is divided by 149?
138
Calculate the remainder when 235985 is divided by 20.
5
Calculate the remainder when 13553 is divided by 1537.
1257
What is the remainder when 13895 is divided by 72?
71
Calculate the remainder when 1938 is divided by 325.
313
Calculate the remainder when 2201 is divided by 117.
95
What is the remainder when 3161 is divided by 453?
443
Calculate the remainder when 34815 is divided by 17.
16
What is the remainder when 54684 is divided by 37?
35
What is the remainder when 114789 is divided by 12?
9
Calculate the remainder when 126589 is divided by 24.
13
Calculate the remainder when 4096 is divided by 3896.
200
Calculate the remainder when 12075 is divided by 1145.
625
What is the remainder when 32859 is divided by 5?
4
What is the remainder when 23059 is divided by 250?
59
Calculate the remainder when 58863 is divided by 58838.
25
Calculate the remainder when 4221556 is divided by 253.
251
What is the remainder when 11440 is divided by 3722?
274
Calculate the remainder when 81083 is divided by 619.
613
Calculate the remainder when 161774 is divided by 36.
26
Calculate the remainder when 361 is divided by 79.
45
What is the remainder when 30495 is divided by 508?
15
Calculate the remainder when 13797 is divided by 304.
117
What is the remainder when 23246 is divided by 684?
674
Calculate the remainder when 66195 is divided by 10975.
345
What is the remainder when 154909 is divided by 134?
5
Calculate the remainder when 35726 is divided by 4.
2
What is the remainder when 179629 is divided by 506?
505
Calculate the remainder when 5092 is divided by 1007.
57
What is the remainder when 10638 is divided by 190?
188
Calculate the remainder when 11255 is divided by 24.
23
Calculate the remainder when 78553 is divided by 51.
13
What is the remainder when 9874 is divided by 145?
14
What is the remainder when 19865 is divided by 14?
13
What is the remainder when 6396 is divided by 6380?
16
What is the remainder when 42028 is divided by 25?
3
What is the remainder when 9280 is divided by 346?
284
Calculate the remainder when 406558 is divided by 15.
13
Calculate the remainder when 208 is divided by 77.
54
Calculate the remainder when 53919 is divided by 114.
111
Calculate the remainder when 592 is divided by 308.
284
Calculate the remainder when 2051 is divided by 148.
127
Calculate the remainder when 10374 is divided by 546.
0
What is the remainder when 721464 is divided by 19?
15
What is the remainder when 60533 is divided by 946?
935
What is the remainder when 483 is divided by 17?
7
Calculate the remainder when 3275 is divided by 273.
272
Calculate the remainder when 419776 is divided by 13.
6
What is the remainder when 743 is divided by 47?
38
Calculate the remainder when 157779 is divided by 2672.
131
Calculate the remainder when 21897 is divided by 5309.
661
Calculate the remainder when 4353 is divided by 632.
561
Calculate the remainder when 1350738 is divided by 1350733.
5
Calculate the remainder when 78133 is divided by 18.
13
Calculate the remainder when 3976 is divided by 1255.
211
Calculate the remainder when 26836 is divided by 154.
40
What is the remainder when 5963 is divided by 131?
68
Calculate the remainder when 1820 is divided by 1177.
643
What is the remainder when 32574 is divided by 32567?
7
Calculate the remainder when 6542 is divided by 1846.
1004
What is the remainder when 1893 is divided by 991?
902
What is the remainder when 3427 is divided by 175?
102
What is the remainder when 830927 is divided by 172?
167
What is the remainder when 8784 is divided by 169?
165
What is the remainder when 81 is divided by 30?
21
Calculate the remainder when 10057 is divided by 5028.
1
What is the remainder when 112276 is divided by 506?
450
What is the remainder when 108774 is divided by 36258?
0
Calculate the remainder when 998302 is divided by 32.
30
Calculate the remainder when 17221 is divided by 4302.
13
What is the remainder when 31614 is divided by 80?
14
Calculate the remainder when 30312 is divided by 215.
212
Calculate the remainder when 2734 is divided by 184.
158
Calculate the remainder when 66306 is divided by 31.
28
What is the remainder when 12284 is divided by 30?
14
Calculate the remainder when 4074 is divided by 47.
32
What is the remainder when 36516 is divided by 2147?
17
What is the remainder when 195616 is divided by 684?
676
What is the remainder when 7240 is divided by 7240?
0
Calculate the remainder when 8989 is divided by 290.
289
Calculate the remainder when 4833 is divided by 194.
177
Calculate the remainder when 5798 is divided by 1050.
548
Calculate the remainder when 14766 is divided by 14.
10
Calculate the remainder when 5508 is divided by 610.
18
What is the remainder when 60348 is divided by 728?
652
Calculate the remainder when 29340 is divided by 45.
0
What is the remainder when 4029 is divided by 50?
29
Calculate the remainder when 18010 is divided by 16.
10
What is the remainder when 630 is divided by 569?
61
What is the remainder when 77479 is divided by 1986?
25
Calculate the remainder when 31762 is divided by 1442.
38
Calculate the remainder when 1278895 is divided by 106.
5
Calculate the remainder when 3685 is divided by 147.
10
Calculate the remainder when 366 is divided by 337.
29
What is the remainder when 803 is divided by 693?
110
What is the remainder when 67751 is divided by 1539?
35
What is the remainder when 657 is divided by 564?
93
What is the remainder when 508415 is divided by 662?
661
Calculate the remainder when 90128 is divided by 201.
80
What is the remainder when 171693 is divided by 5723?
3
What is the remainder when 39111 is divided by 4888?
7
Calculate the remainder when 135640 is divided by 5.
0
What is the remainder when 765 is divided by 22?
17
Calculate the remainder when 188629 is divided by 130.
129
What is the remainder when 3814 is divided by 1679?
456
Calculate the remainder when 1716550 is divided by 24.
22
Calculate the remainder when 1497 is divided by 39.
15
What is the remainder when 2028 is divided by 112?
12
Calculate the remainder when 9284 is divided by 587.
479
What is the remainder when 690 is divided by 73?
33
Calculate the remainder when 36478 is divided by 1270.
918
What is the remainder when 4187 is divided by 304?
235
What is the remainder when 23862 is divided by 1149?
882
Calculate the remainder when 2223747 is divided by 2007.
1998
What is the remainder when 1573 is divided by 75?
73
What is the remainder when 10670 is divided by 10668?
2
Calculate the remainder when 5128 is divided by 49.
32
Calculate the remainder when 163453 is divided by 223.
217
What is the remainder when 58115 is divided by 4?
3
Calculate the remainder when 2475 is divided by 610.
35
Calculate the remainder when 33620 is divided by 44.
4
What is the remainder when 68389 is divided by 27?
25
What is the remainder when 6798 is divided by 21?
15
What is the remainder when 353468 is divided by 672?
668
Calculate the remainder when 55023 is divided by 7.
3
Calculate the remainder when 22770 is divided by 575.
345
Calculate the remainder when 209005 is divided by 2518.
11
What is the remainder when 314092 is divided by 67?
63
What is the remainder when 562572 is divided by 66?
5